 -10 + -101031?
-101101
In base 14, what is 3 - 2?
1
In base 2, what is 11000 - 10110001?
-10011001
In base 9, what is 121 - -14?
135
In base 3, what is 10011211002 + -12?
10011210220
In base 4, what is 112 + 323?
1101
In base 14, what is 12 - -327?
339
In base 2, what is -1001101 + 10111?
-110110
In base 10, what is -5 + 26?
21
In base 6, what is 2151 - -11?
2202
In base 2, what is -100001110 + -1010?
-100011000
In base 10, what is 4020 + 4?
4024
In base 9, what is -12 + 545?
533
In base 5, what is -103 - 3?
-111
In base 7, what is -3 + 6?
3
In base 16, what is -8 - bc3?
-bcb
In base 10, what is 7462 + -5?
7457
In base 9, what is -2 + 1510?
1507
In base 4, what is -302 + 12?
-230
In base 5, what is 10 - -240?
300
In base 14, what is -157 - -6?
-151
In base 4, what is 103 - -11030?
11133
In base 13, what is 1 + 2a8?
2a9
In base 16, what is -39f - -2?
-39d
In base 15, what is 217c - 0?
217c
In base 8, what is -5 + -3620?
-3625
In base 15, what is 3 - 2e?
-2b
In base 13, what is 15c - 1?
15b
In base 13, what is 973 + 2?
975
In base 10, what is -2090 - 5?
-2095
In base 6, what is -204 + -4?
-212
In base 2, what is 10000 + 10010110?
10100110
In base 8, what is -21 + -12?
-33
In base 9, what is 240 + -17?
222
In base 12, what is b2 + 6?
b8
In base 3, what is -22 - 111?
-210
In base 3, what is -1 - 120100?
-120101
In base 2, what is -10 - 11010100011?
-11010100101
In base 5, what is 1 - 1322?
-1321
In base 8, what is 2 + 332?
334
In base 7, what is 5 + 55?
63
In base 12, what is 1 + 3aa?
3ab
In base 2, what is 10 - -11101010?
11101100
In base 3, what is -12 - 10120?
-10202
In base 16, what is 21 + a?
2b
In base 2, what is 100 + -110000?
-101100
In base 10, what is -2747 + 5?
-2742
In base 15, what is -5ea - 5?
-600
In base 5, what is -103 - 203?
-311
In base 4, what is 2 + 1213103?
1213111
In base 3, what is 11201 + -11?
11120
In base 2, what is -10010 + -10010?
-100100
In base 15, what is 5 - 49?
-44
In base 13, what is 16 + 95?
ab
In base 8, what is -6 - -13?
5
In base 5, what is -4 + -41?
-100
In base 5, what is 23 + -100?
-22
In base 15, what is -d - 14?
-22
In base 2, what is 1011010100100 - -100?
1011010101000
In base 16, what is 151 - -2c?
17d
In base 10, what is -5 + -431?
-436
In base 6, what is 31542 - -5?
31551
In base 11, what is -a - 136?
-145
In base 10, what is -481 - -3?
-478
In base 6, what is -20203 - -3?
-20200
In base 4, what is 22213 + 13?
22232
In base 15, what is 3 - 79?
-76
In base 14, what is b6 - 2?
b4
In base 6, what is -2 + -1530?
-1532
In base 14, what is -853 + 2?
-851
In base 4, what is 1 - -101122?
101123
In base 11, what is -65 - 5?
-6a
In base 12, what is 1 - 83?
-82
In base 4, what is 2232 - -11?
2303
In base 6, what is -2 + -100332?
-100334
In base 2, what is -1001 - -110001?
101000
In base 11, what is 5a - -5?
64
In base 15, what is -6 - 2b?
-32
In base 10, what is 17 - -213?
230
In base 14, what is -58 + 2?
-56
In base 10, what is -1448 + 0?
-1448
In base 10, what is 5 + -108?
-103
In base 8, what is -3 + 254?
251
In base 12, what is -1 - 164?
-165
In base 16, what is -2ac + 6?
-2a6
In base 11, what is 204 - 1?
203
In base 7, what is 1 - -652?
653
In base 12, what is -1 + 36?
35
In base 8, what is -37 + -1?
-40
In base 14, what is -582c + -4?
-5832
In base 12, what is 17 + -2?
15
In base 9, what is 3 - 343?
-340
In base 13, what is -31 + 50b?
4aa
In base 4, what is -302 + 12?
-230
In base 6, what is -33 + -34?
-111
In base 10, what is 382 - -1?
383
In base 7, what is 12654 + 2?
12656
In base 5, what is -3 - 23?
-31
In base 12, what is 0 + 3ab?
3ab
In base 15, what is -5 - -41?
3b
In base 6, what is 150 + 0?
150
In base 11, what is -102 - -13?
-9a
In base 4, what is 212 - -1223?
2101
In base 10, what is 0 + -109?
-109
In base 16, what is 75d - -2?
75f
In base 12, what is -5 - -221?
218
In base 2, what is 1111111 - -10?
10000001
In base 7, what is 11 + -1453?
-1442
In base 6, what is -320 + 112?
-204
In base 14, what is -2ab + 5?
-2a6
In base 4, what is 2311 - -11?
2322
In base 2, what is -1111 + 1010011?
1000100
In base 5, what is 13 - -10?
23
In base 4, what is -2023 + 30?
-1333
In base 12, what is -4 - -a2?
9a
In base 9, what is 2 + 26?
28
In base 10, what is 537 - 2?
535
In base 10, what is -1 + -2?
-3
In base 6, what is -4 + -22443?
-22451
In base 4, what is -101 + 23?
-12
In base 12, what is 16 - 82?
-68
In base 3, what is 212 + -220?
-1
In base 14, what is -39 - 4?
-3d
In base 7, what is -4 + -105?
-112
In base 10, what is 5 - -197?
202
In base 7, what is 5 - 41?
-33
In base 5, what is -13400 + 0?
-13400
In base 6, what is 4 + -12?
-4
In base 9, what is -302 - -17?
-274
In base 15, what is a6 + -6?
a0
In base 16, what is -1 - 205?
-206
In base 5, what is -4 + -102?
-111
In base 12, what is -12885 - -4?
-12881
In base 4, what is -1120 - 2?
-1122
In base 14, what is -1d - 1?
-20
In base 12, what is 5 + 415?
41a
In base 4, what is 23211 - -11?
23222
In base 11, what is -44 - 84?
-118
In base 8, what is -4 + -5?
-11
In base 12, what is 2109 - 5?
2104
In base 16, what is 19e7 - 5?
19e2
In base 12, what is -a5 + 4?
-a1
In base 10, what is 1650 + -1?
1649
In base 3, what is -20 - -120?
100
In base 11, what is 11 + -20?
-a
In base 2, what is 10000001010110 + 1?
10000001010111
In base 10, what is 3 + 7749?
7752
In base 15, what is 73b + -b?
730
In base 11, what is -13a4 - -9?
-1396
In base 9, what is -832 + 4?
-827
In base 15, what is -2 - -c31?
c2e
In base 15, what is -4 - -96?
92
In base 5, what is 3110 + 24?
3134
In base 11, what is 2 - -122?
124
In base 6, what is 1121 - 1?
1120
In base 5, what is 11 + -40?
-24
In base 5, what is 11011 - -2?
11013
In base 9, what is 10 - 214?
-204
In base 3, what is 2 + 2102011?
2102020
In base 14, what is 28 - -72?
9a
In base 6, what is 2 + 4301?
4303
In base 7, what is -1 - 3?
-4
In base 12, what is -1a - -25?
7
In base 7, what is -1132 + -2?
-1134
In base 13, what is -2a - 3a?
-67
In base 9, what is -8 - 316?
-325
In base 6, what is 10 - 0?
10
In base 4, what is 3 - 1110110?
-1110101
In base 14, what is 1 + 121?
122
In base 11, what is -12 - 7?
-19
In base 2, what is 10001100 - -11?
10001111
In base 10, what is -9 - 143?
-152
In base 6, what is -5 + 1030?
1021
In base 5, what is -3121 - -2?
-3114
In base 9, what is -440 + -1?
-441
In base 15, what is -1 + 15aa?
15a9
In base 7, what is 26 + 2?
31
In base 5, what is 13 - -230?
243
In base 3, what is 2102100 - 1?
2102022
In base 8, what is -1 - 203?
-204
In base 8, what is 1 + 352?
353
In base 7, what is -614 + 0?
-614
In base 10, what is 6 + -278?
-272
In base 8, what is -71 - -21?
-50
In base 11, what is 1180 - -3?
1183
In base 3, what is -12 + 1101120?
1101101
In base 14, what is 5c + 13a?
198
In base 10, what is -22 - -44?
22
In base 13, what is 3 + -684?
-681
In base 6, what is 1214 + -1?
1213
In base 12, what is 8 - a0?
-94
In base 2, what is -100 - 10111?
-11011
In base 11, what is -62 - -4?
-59
In base 2, what is -11011110001000 - -10?
-11011110000110
In base 4, what is 1002322 + -10?
1002312
In base 2, what is 1 - -111010?
111011
In base 15, what is 1 + 4?
5
In base 13, what is 177 + -3?
174
In base 14, what is 3a3 + 4?
3a7
In base 6, what is -101120 - 5?
-101125
In base 2, what is -10011000 + -101?
-10011101
In base 16, what is -3 - -1cd?
1ca
In base 11, what is 118 + -3?
115
In base 14, what is -3 - 140?
-143
In base 4, what is 3 - -2122?
2131
In base 5, what is 0 + -211?
-211
In base 6, what is -30 + -5025?
-5055
In base 14, what is -28 + -9c?
-c6
In base 16, what is -4a1 - 1?
-4a2
In base 13, what is -3 + 224?
221
In base 10, what is 879 + 0?
879
In base 11, what is 38 + 50?
88
In base 8, what is -747 + 6?
-741
In base 12, what is -1009 - -2?
-1007
In base 2, what is -101 - 1010001100?
-1010010001
In base 6, what is 32 - 1113?
-1041
In base 13, what is 5cb - -6?
604
In base 13, what is -17a - 0?
-17a
In base 5, what is 122 - -22?
144
In base 9, what is 10 - -61?
71
In base 8, what is -2 + 442?
440
In base 7, what is -10 + -261?
-301
In base 5, what is 10 + 100?
110
In base 14, what is -4 - -11b?
117
In base 2, what is -1 - 11110?
-11111
In base 14, what is -1 + 15?
14
In base 4, what is -12230 + -2?
-12232
In base 8, what is 3 - 27?
-24
In base 12, what is -202 - 77?
-279
In base 15, what is 4 - 157d?
-1579
In 